**2 - 3 + 4*k**2 + 3*k + 5*k**3 + k. Let f(c) = 9*c**3 - 5*c**2 + 9*c - 6. Let j(x) = -6*f(x) + 11*y(x). List the prime factors of j(-9).
2, 3
Let p(l) = l + 1. Let r be p(-1). Suppose r = -2*a + 7 + 9. Suppose 0 = 6*z - a*z + 28. List the prime factors of z.
2, 7
Let j(t) = 17*t**2. List the prime factors of j(-3).
3, 17
What are the prime factors of (40/12 - 3)*21?
7
Suppose 1288 = 5*h - 2*i, -3*h + 3*i = 2*h - 1287. What are the prime factors of h?
2, 3, 43
What are the prime factors of 16/(1 + 3) + 39?
43
Suppose -3*b - 24 = -b. Let p = b + 7. Let h(u) = -u**3 - 5*u**2 - u + 4. List the prime factors of h(p).
3
Let h(v) = -2*v**3 - 6*v**2 + 8*v + 6. List the prime factors of h(-5).
2, 3, 11
Suppose -m - 3*c + 6 = -7, -2*m = 5*c - 30. Suppose -3*k + m = -2*b, 3*b - 2*b + 2 = 0. What are the prime factors of k?
7
Let k(h) = -h - 1. Let u be k(2). Let m(o) = -o**3 - 5*o**2 - 5*o - 3. Let t be m(u). What are the prime factors of (-18)/4*4/t?
3
Let t(d) = -2*d - 5. Suppose -7 - 8 = 3*a. Let o be t(a). Suppose r - 1 = j - 0*j, -o*j = -4*r. List the prime factors of j.
2
Let n(t) = -23*t**2 - 5*t + 22*t**2 + 13*t - 1. Let q be -9*(-1 - (-1)/3). List the prime factors of n(q).
11
Let j(t) = -6*t + 2. Let z be j(3). Suppose 0 = 2*k, -q - 4*k + 115 = -6*q. Let r = z - q. What are the prime factors of r?
7
Let s = -64 - -110. List the prime factors of s.
2, 23
Let p = 26 - 5. What are the prime factors of p?
3, 7
Suppose -191 - 259 = -5*d. Suppose r - 6*r = -d. List the prime factors of r.
2, 3
Suppose 62 = 2*g - 5*f, 5*g + 3*f = g + 150. List the prime factors of g.
2, 3
Suppose 2*c = 5 + 21. What are the prime factors of c?
13
Let l(h) = h**2 - 4*h - 6. Let i be l(5). Let s = i + 8. What are the prime factors of s?
7
Let i(x) = 0 + 3 - x - 2. Let h be i(-4). Suppose -2*b = -h*b + 27. List the prime factors of b.
3
Let l(g) = g**2 + 2*g - 2. Let x be l(-3). Let n(w) = -w**3 + w**2 + 2. Let v be n(0). List the prime factors of (x - -8)*(v + -1).
3
Suppose -9*c + 5*c = -328. List the prime factors of c.
2, 41
Let r be 2/9 - (-68)/18. Suppose y + r*n - 2*n = 38, 3*y - 4*n - 134 = 0. Suppose 2*v - 5 = -i, 0*i + y = 3*i - 3*v. List the prime factors of i.
11
Let k = -6 + 10. Suppose 5*l - 39 = 4*c - 2*c, -k*c = 2*l - 6. List the prime factors of l.
7
What are the prime factors of (53 - 3) + 0/(-1)?
2, 5
Let u = 19 + 61. List the prime factors of u.
2, 5
Let l(y) = -y + 1. Let z be l(0). Suppose -v - 249 = -5*j, -2*v + v + z = 0. Suppose -j = 3*f - 8*f. What are the prime factors of f?
2, 5
Let c(o) = 23*o - 9. What are the prime factors of c(2)?
37
Suppose -3*o + 3*r + 0*r + 405 = 0, 0 = 2*r - 4. Let d = 192 - o. What are the prime factors of d?
5, 11
Suppose 141 = -4*q + 837. What are the prime factors of q?
2, 3, 29
Let a(x) = -x**2 - 22*x - 20. List the prime factors of a(-8).
2, 23
Let m(s) = -7*s + 4. Let g be m(-7). Let y = 80 - g. What are the prime factors of y?
3
Let a(k) = k**3 - 22*k**2 + 8*k - 27. What are the prime factors of a(22)?
149
Let t(g) = -g - 3. Let w = 5 - 10. What are the prime factors of t(w)?
2
Let v(s) = s**3 + 2*s**2 + 145. List the prime factors of v(0).
5, 29
Let k(r) = -r**2 + 7*r - 6. Suppose 0 = 5*n - 0*n - 25. List the prime factors of k(n).
2
Let q be 0/(1 - (2 + -2)). Suppose -2*j + 3*u = j - 69, q = 5*j - u - 111. List the prime factors of j.
2, 11
Let a = 198 + -133. Suppose 0*u + 5*u - a = 0. List the prime factors of u.
13
Let b be (-48)/(-18) - 4/6. Let n(u) = -b*u - 4 + 3 - 13*u**3 + 5*u**3. What are the prime factors of n(-1)?
3
List the prime factors of (445 - -1)/(((-24)/(-4))/3).
223
What are the prime factors of 609/13 - (-8)/52?
47
List the prime factors of (-38)/(-209) - (-97)/11.
3
Suppose 0 = 2*i + 10, -2*f + 3*i + 7 = -4*f. Let u(t) = -t**3 + 8*t**2 + 7*t - 7. Let a be u(9). List the prime factors of (-235)/a - f/10.
3
Suppose 0 = -2*l - 3*l + 20. Suppose 0 = -o - l*o + 10. List the prime factors of o.
2
Let b(x) = -2*x**2 + x + 2. Let l(r) = r**2 - 1. Let f(a) = b(a) + 4*l(a). List the prime factors of f(-2).
2
Suppose -2*s = -3*s + 1. What are the prime factors of s/((-2)/(-14) + 0)?
7
Let h(d) = d**2 + 4*d - 7. Let i be h(-5). What are the prime factors of 174/i*(-4)/12?
29
Suppose 6*i = 4*i + 8. Let z(f) = 5*f**2 - 10*f + 11. Let c(p) = 14*p**2 - 29*p + 32. Let l(o) = i*c(o) - 11*z(o). List the prime factors of l(7).
2, 7
Suppose 0 = 5*r - 10, 0*r + r = -4*b - 22. Let w(a) = -3*a + 5. Let s(t) = -10*t + 15. Let j(p) = -2*s(p) + 7*w(p). List the prime factors of j(b).
11
Suppose -3*u = -2*u - 10. List the prime factors of u.
2, 5
Suppose 0 = -p + 3*r + 17, -4*r - 20 = -2*p + 8. Suppose -3*h + 5*u + 15 = 0, -62 = 3*h - p*h - 4*u. List the prime factors of h.
2, 5
Let s = -28 + 74. What are the prime factors of s?
2, 23
Let o(p) = -p**2 - p. Let c(w) = -6*w**2 - 3. Let z(a) = -c(a) + 4*o(a). Let t = 15 + -12. What are the prime factors of z(t)?
3
Let z be -7 + 5 + 14/2. Let d(j) = -j**3 + 6*j**2 - 4*j + 4. List the prime factors of d(z).
3
Suppose 2*m - 6 + 28 = 0. Let s = m + 18. What are the prime factors of s?
7
Let h = 229 + -72. What are the prime factors of h?
157
Suppose 2*n = -n + 324. List the prime factors of n.
2, 3
Let f be 108/(-45) - (-4)/10. What are the prime factors of (f/5)/((-5)/50)?
2
Let d be -2 + 2 - 4/(-2). Let c = d + 0. Suppose -c*u - 18 = -t, -t + 2*u - 18 = -3*t. What are the prime factors of t?
2, 3
Suppose -3*x = -12, 0 = -3*a + x + 2*x + 156. Suppose 4*j = 2*j + a. List the prime factors of j.
2, 7
Suppose 2*h = -2*h + 28. Let g = 14 - h. What are the prime factors of g?
7
Let f = 1 + -2. Let l be (f + 2)/(2 + -1). Let d(b) = 8*b. List the prime factors of d(l).
2
Let s(b) = b - 1. Let x be s(6). Suppose y + 2*c = x*c - 1, 47 = 5*y - 2*c. List the prime factors of y.
11
What are the prime factors of (-1086)/(-17) + 4/34?
2
Let j = -3 - -3. Let d(o) = -o**2 + 12. What are the prime factors of d(j)?
2, 3
Suppose -l = 2*x - 6, 1 = -l + 6*x - x. Suppose -5*w + 29 = 2*j, -l*w + 23 = 4*j - 5. List the prime factors of w.
5
Let c(w) = -2*w. Let u be c(-2). Suppose 2*i - 14 = -o, u*o + i = -3*i + 72. List the prime factors of o.
2, 11
Let l = 5 - 10. Let v(o) = -o - 6. Let r be v(l). List the prime factors of (3/(-9))/(r/33).
11
Let j(s) = -s**2 - 9*s + 5. Let t be j(-9). List the prime factors of 24 + -6 + t + -2.
3, 7
Suppose h = -10 + 46. Let r be ((-40)/(-6))/(4/30). Suppose -s + h = 3*x, -5*x - 5*s + 0*s = -r. List the prime factors of x.
13
Suppose p - 15 = -5*z, -z + 0*p = -3*p - 19. List the prime factors of 89/7 + z/14.
13
Suppose 0 = 7*r + 59 - 17. Let t(k) = 18*k + 3. Let l be t(-4). List the prime factors of 1/2 + l/r.
2, 3
Let v(p) = -5*p**3 - 2*p**2 + p - 2. Let j(b) = 14*b**3 + 6*b**2 - 3*b + 6. Let u(f) = -4*j(f) - 11*v(f). What are the prime factors of u(-3)?
2
Let s(k) = -2*k - 4. What are the prime factors of s(-10)?
2
What are the prime factors of 3 + 101 + 1/1?
3, 5, 7
Let j = -1 - -10. Suppose 3*t + j = 3*k - 15, 0 = 2*k - 5*t - 1. List the prime factors of k.
13
Suppose -14*r = -3*r - 3014. List the prime factors of r.
2, 137
Let s = -1 - -11. What are the prime factors of s?
2, 5
Let d(a) = -8*a**3 - 2*a**2 + 3*a + 3. Let n be d(3). Let z be n/8 + (-4)/16. Let k = z - -40. List the prime factors of k.
2, 3
Let c be 16/6*(-3)/2. Let f = c - -6. Suppose -3*b + f*b = -8. What are the prime factors of b?
2
Let w = 10 - 6. Suppose -2*s + w = -8. What are the prime factors of s?
2, 3
Let p be ((-1 + 1)/2)/(-1). Suppose 3*i + c - 28 = 0, p = 2*i + 3*c + 2*c - 36. Suppose -2*d + i + 2 = 0. List the prime factors of d.
5
Let v = -15 - 4. Let j = 29 + v. List the prime factors of j.
2, 5
Let u = 350 + -226. Suppose 5*y - 3*v - 4 = -u, 4*y - 4*v = -104. Let d = -10 - y. List the prime factors of d.
11
List the prime factors of (-21)/3 + 3 + 102.
2, 7
Let b be (0 - 42/(-10))*5. Let s = b + -6. List the prime factors of s.
3, 5
Suppose -3*j = 2*j. Suppose 2*k + 2 = -16. Let h = j - k. What are the prime factors of h?
3
Suppose 4*z = 8*z - 304. Suppose -4*t = 2*p + 14 - z, -4*t - 4*p + 68 = 0. List the prime factors of t.
2, 7
Let u be (-1)/(-2)*-1*0. Suppose -4*a + 44 = -u*a. What are the prime factors of a?
11
Let f = -37 - -65. Suppose -45 = -3*u + 4*g + 19, u +